HEX
Server: Apache
System: Linux s32.registerdomain.net.za 4.18.0-553.109.1.lve.el8.x86_64 #1 SMP Thu Mar 5 20:23:46 UTC 2026 x86_64
User: molmatco (1958)
PHP: 8.1.34
Disabled: NONE
Upload Files
File: /home/molmatco/access-logs/lemcoin.co.za.molmatconsult.co.za-ssl_log
57.141.20.5 - - [19/Jun/2026:14:08:00 +0200] "GET /item/3395527 HTTP/1.1" 200 72026 "-" "meta-externalagent/1.1 (+https://developers.facebook.com/docs/sharing/webmasters/crawler)"
57.141.20.28 - - [19/Jun/2026:14:08:38 +0200] "GET /item/425958114 HTTP/1.1" 200 72026 "-" "meta-externalagent/1.1 (+https://developers.facebook.com/docs/sharing/webmasters/crawler)"
57.141.20.57 - - [19/Jun/2026:14:09:35 +0200] "GET /item/8821739 HTTP/1.1" 200 72026 "-" "meta-externalagent/1.1 (+https://developers.facebook.com/docs/sharing/webmasters/crawler)"
57.141.20.12 - - [19/Jun/2026:14:10:26 +0200] "GET /item/382940483 HTTP/1.1" 200 72026 "-" "meta-externalagent/1.1 (+https://developers.facebook.com/docs/sharing/webmasters/crawler)"
57.141.20.51 - - [19/Jun/2026:14:11:25 +0200] "GET /item/20545583 HTTP/1.1" 200 72026 "-" "meta-externalagent/1.1 (+https://developers.facebook.com/docs/sharing/webmasters/crawler)"
57.141.20.13 - - [19/Jun/2026:14:13:06 +0200] "GET /item/64548242 HTTP/1.1" 200 72026 "-" "meta-externalagent/1.1 (+https://developers.facebook.com/docs/sharing/webmasters/crawler)"
216.73.216.69 - - [19/Jun/2026:14:13:23 +0200] "GET /robots.txt HTTP/1.1" 200 67 "-" "Mozilla/5.0 AppleWebKit/537.36 (KHTML, like Gecko; compatible; ClaudeBot/1.0; +claudebot@anthropic.com)"
216.73.216.69 - - [19/Jun/2026:14:13:23 +0200] "GET /2026/06/19/different-approaches-to-online-and-offline-gaming/feed/ HTTP/1.1" 200 72026 "-" "Mozilla/5.0 AppleWebKit/537.36 (KHTML, like Gecko; compatible; ClaudeBot/1.0; +claudebot@anthropic.com)"
57.141.20.27 - - [19/Jun/2026:14:14:40 +0200] "GET /item/67870084 HTTP/1.1" 200 72026 "-" "meta-externalagent/1.1 (+https://developers.facebook.com/docs/sharing/webmasters/crawler)"
57.141.20.20 - - [19/Jun/2026:14:15:45 +0200] "GET /item/5969197 HTTP/1.1" 200 72026 "-" "meta-externalagent/1.1 (+https://developers.facebook.com/docs/sharing/webmasters/crawler)"
57.141.20.17 - - [19/Jun/2026:14:16:44 +0200] "GET /item/2570571 HTTP/1.1" 200 72026 "-" "meta-externalagent/1.1 (+https://developers.facebook.com/docs/sharing/webmasters/crawler)"
57.141.20.51 - - [19/Jun/2026:14:17:36 +0200] "GET /item/13776115 HTTP/1.1" 200 72026 "-" "meta-externalagent/1.1 (+https://developers.facebook.com/docs/sharing/webmasters/crawler)"
57.141.20.56 - - [19/Jun/2026:14:17:43 +0200] "GET /item/3522992 HTTP/1.1" 200 72026 "-" "meta-externalagent/1.1 (+https://developers.facebook.com/docs/sharing/webmasters/crawler)"
57.141.20.38 - - [19/Jun/2026:14:18:01 +0200] "GET /item/303343314 HTTP/1.1" 200 72026 "-" "meta-externalagent/1.1 (+https://developers.facebook.com/docs/sharing/webmasters/crawler)"
216.73.216.69 - - [19/Jun/2026:14:18:17 +0200] "GET /?p=2185 HTTP/1.1" 200 72026 "-" "Mozilla/5.0 AppleWebKit/537.36 (KHTML, like Gecko; compatible; ClaudeBot/1.0; +claudebot@anthropic.com)"
2.102.96.17 - - [19/Jun/2026:14:19:59 +0200] "POST /xmlrpc.php HTTP/1.1" 200 72026 "-" "Mozilla/5.0 (X11; Linux x86_64) AppleWebKit/537.36 (KHTML, like Gecko) Chrome/120.0.0.0 Safari/537.36"
31.54.187.83 - - [19/Jun/2026:14:20:05 +0200] "POST /xmlrpc.php HTTP/1.1" 200 72026 "-" "Mozilla/5.0 (X11; Linux x86_64) AppleWebKit/537.36 (KHTML, like Gecko) Chrome/120.0.0.0 Safari/537.36"
99.127.158.28 - - [19/Jun/2026:14:20:08 +0200] "GET /wp-login.php HTTP/1.1" 200 72026 "-" "Mozilla/5.0 (Macintosh; Intel Mac OS X 10_15_7) AppleWebKit/537.36 (KHTML, like Gecko) Chrome/131.0.0.0 Safari/537.36"
104.10.188.34 - - [19/Jun/2026:14:20:15 +0200] "GET /wp-login.php HTTP/1.1" 200 72026 "-" "Mozilla/5.0 (Macintosh; Intel Mac OS X 10_15_7) AppleWebKit/537.36 (KHTML, like Gecko) Chrome/131.0.0.0 Safari/537.36"
174.161.202.91 - - [19/Jun/2026:14:20:19 +0200] "GET /wp-login.php HTTP/1.1" 200 72026 "-" "Mozilla/5.0 (Macintosh; Intel Mac OS X 10_15_7) AppleWebKit/537.36 (KHTML, like Gecko) Chrome/131.0.0.0 Safari/537.36"
216.73.216.69 - - [19/Jun/2026:14:21:40 +0200] "GET /2026/06/17/die-analyse-der-bonusbedingungen-und-auszahlungswerte-im-crazy-tower-casino/ HTTP/1.1" 200 72026 "-" "Mozilla/5.0 AppleWebKit/537.36 (KHTML, like Gecko; compatible; ClaudeBot/1.0; +claudebot@anthropic.com)"
216.73.216.69 - - [19/Jun/2026:14:21:40 +0200] "GET /2026/06/19/zombillion-casino-ertekelesunk-a-versenytarsak-tukreben/?path=%2Fhome%2Fmolmatco%2Flemcoin.co.za%2Fwp-includes HTTP/1.1" 200 478447 "-" "Mozilla/5.0 AppleWebKit/537.36 (KHTML, like Gecko; compatible; ClaudeBot/1.0; +claudebot@anthropic.com)"
216.73.216.69 - - [19/Jun/2026:14:21:52 +0200] "GET /2026/06/19/zombillion-casino-ertekelesunk-a-versenytarsak-tukreben/?path=%2Fhome%2Fmolmatco%2Flemcoin.co.za%2Fwp-admin HTTP/1.1" 200 177985 "-" "Mozilla/5.0 AppleWebKit/537.36 (KHTML, like Gecko; compatible; ClaudeBot/1.0; +claudebot@anthropic.com)"
216.73.216.69 - - [19/Jun/2026:14:21:54 +0200] "GET /2026/06/19/zombillion-casino-ertekelesunk-a-versenytarsak-tukreben/?path=%2Fhome%2Fmolmatco%2Flemcoin.co.za%2Fcgi-bin HTTP/1.1" 200 13756 "-" "Mozilla/5.0 AppleWebKit/537.36 (KHTML, like Gecko; compatible; ClaudeBot/1.0; +claudebot@anthropic.com)"
216.73.216.69 - - [19/Jun/2026:14:22:18 +0200] "GET /2026/06/19/zombillion-casino-ertekelesunk-a-versenytarsak-tukreben/?path=%2Fhome%2Fmolmatco%2Flemcoin.co.za%2Fwp-content HTTP/1.1" 200 33320 "-" "Mozilla/5.0 AppleWebKit/537.36 (KHTML, like Gecko; compatible; ClaudeBot/1.0; +claudebot@anthropic.com)"
216.73.216.69 - - [19/Jun/2026:14:22:19 +0200] "GET /2026/06/19/zombillion-casino-ertekelesunk-a-versenytarsak-tukreben/?path=%2F HTTP/1.1" 200 33281 "-" "Mozilla/5.0 AppleWebKit/537.36 (KHTML, like Gecko; compatible; ClaudeBot/1.0; +claudebot@anthropic.com)"
216.73.216.69 - - [19/Jun/2026:14:22:32 +0200] "GET /2026/06/19/zombillion-casino-ertekelesunk-a-versenytarsak-tukreben/?fileloc=%2Fhome%2Fmolmatco%2Flemcoin.co.za%2Fxmlrpc.php&path=%2Fhome%2Fmolmatco%2Flemcoin.co.za HTTP/1.1" 200 17142 "-" "Mozilla/5.0 AppleWebKit/537.36 (KHTML, like Gecko; compatible; ClaudeBot/1.0; +claudebot@anthropic.com)"
216.73.216.69 - - [19/Jun/2026:14:22:32 +0200] "GET /2026/06/19/zombillion-casino-ertekelesunk-a-versenytarsak-tukreben/?path=%2Fhome%2Fmolmatco HTTP/1.1" 200 69974 "-" "Mozilla/5.0 AppleWebKit/537.36 (KHTML, like Gecko; compatible; ClaudeBot/1.0; +claudebot@anthropic.com)"
216.73.216.69 - - [19/Jun/2026:14:22:38 +0200] "GET /2026/06/19/zombillion-casino-ertekelesunk-a-versenytarsak-tukreben/?path=%2Fhome HTTP/1.1" 200 14936 "-" "Mozilla/5.0 AppleWebKit/537.36 (KHTML, like Gecko; compatible; ClaudeBot/1.0; +claudebot@anthropic.com)"
57.141.20.5 - - [19/Jun/2026:14:22:48 +0200] "GET /item/55039877 HTTP/1.1" 200 72026 "-" "meta-externalagent/1.1 (+https://developers.facebook.com/docs/sharing/webmasters/crawler)"
216.73.216.69 - - [19/Jun/2026:14:23:10 +0200] "GET /2026/06/19/zombillion-casino-ertekelesunk-a-versenytarsak-tukreben/?fileloc=%2Fhome%2Fmolmatco%2Flemcoin.co.za%2Fwp-comments-post.php&path=%2Fhome%2Fmolmatco%2Flemcoin.co.za HTTP/1.1" 200 15948 "-" "Mozilla/5.0 AppleWebKit/537.36 (KHTML, like Gecko; compatible; ClaudeBot/1.0; +claudebot@anthropic.com)"
216.73.216.69 - - [19/Jun/2026:14:23:53 +0200] "GET /2026/06/19/zombillion-casino-ertekelesunk-a-versenytarsak-tukreben/?fileloc=%2Fhome%2Fmolmatco%2Flemcoin.co.za%2Fwp-load.php&path=%2Fhome%2Fmolmatco%2Flemcoin.co.za HTTP/1.1" 200 17785 "-" "Mozilla/5.0 AppleWebKit/537.36 (KHTML, like Gecko; compatible; ClaudeBot/1.0; +claudebot@anthropic.com)"
216.73.216.69 - - [19/Jun/2026:14:24:11 +0200] "GET /2026/06/19/zombillion-casino-ertekelesunk-a-versenytarsak-tukreben/?fileloc=%2Fhome%2Fmolmatco%2Flemcoin.co.za%2Fwp-settings.php&path=%2Fhome%2Fmolmatco%2Flemcoin.co.za HTTP/1.1" 200 49678 "-" "Mozilla/5.0 AppleWebKit/537.36 (KHTML, like Gecko; compatible; ClaudeBot/1.0; +claudebot@anthropic.com)"
216.73.216.69 - - [19/Jun/2026:14:24:27 +0200] "GET /2026/06/19/zombillion-casino-ertekelesunk-a-versenytarsak-tukreben/?fileloc=%2Fhome%2Fmolmatco%2Flemcoin.co.za%2Fwp-config-sample.php&path=%2Fhome%2Fmolmatco%2Flemcoin.co.za HTTP/1.1" 200 16996 "-" "Mozilla/5.0 AppleWebKit/537.36 (KHTML, like Gecko; compatible; ClaudeBot/1.0; +claudebot@anthropic.com)"
216.73.216.69 - - [19/Jun/2026:14:24:39 +0200] "GET /2026/06/19/zombillion-casino-ertekelesunk-a-versenytarsak-tukreben/?fileloc=%2Fhome%2Fmolmatco%2Flemcoin.co.za%2Fwp-mail.php&path=%2Fhome%2Fmolmatco%2Flemcoin.co.za HTTP/1.1" 200 23167 "-" "Mozilla/5.0 AppleWebKit/537.36 (KHTML, like Gecko; compatible; ClaudeBot/1.0; +claudebot@anthropic.com)"
57.141.20.27 - - [19/Jun/2026:14:25:02 +0200] "GET /item/64465260 HTTP/1.1" 200 72026 "-" "meta-externalagent/1.1 (+https://developers.facebook.com/docs/sharing/webmasters/crawler)"
216.73.216.69 - - [19/Jun/2026:14:25:03 +0200] "GET /2026/06/19/zombillion-casino-ertekelesunk-a-versenytarsak-tukreben/?fileloc=%2Fhome%2Fmolmatco%2Flemcoin.co.za%2Fwp-activate.php&path=%2Fhome%2Fmolmatco%2Flemcoin.co.za HTTP/1.1" 200 22269 "-" "Mozilla/5.0 AppleWebKit/537.36 (KHTML, like Gecko; compatible; ClaudeBot/1.0; +claudebot@anthropic.com)"
216.73.216.69 - - [19/Jun/2026:14:25:23 +0200] "GET /2026/06/19/zombillion-casino-ertekelesunk-a-versenytarsak-tukreben/?fileloc=%2Fhome%2Fmolmatco%2Flemcoin.co.za%2Fwp-cron.php&path=%2Fhome%2Fmolmatco%2Flemcoin.co.za HTTP/1.1" 200 19232 "-" "Mozilla/5.0 AppleWebKit/537.36 (KHTML, like Gecko; compatible; ClaudeBot/1.0; +claudebot@anthropic.com)"
216.73.216.69 - - [19/Jun/2026:14:26:03 +0200] "GET /2026/06/19/zombillion-casino-ertekelesunk-a-versenytarsak-tukreben/?fileloc=%2Fhome%2Fmolmatco%2Flemcoin.co.za%2Fwp-trackback.php&path=%2Fhome%2Fmolmatco%2Flemcoin.co.za HTTP/1.1" 200 19385 "-" "Mozilla/5.0 AppleWebKit/537.36 (KHTML, like Gecko; compatible; ClaudeBot/1.0; +claudebot@anthropic.com)"
216.73.216.69 - - [19/Jun/2026:14:26:11 +0200] "GET /2026/06/19/zombillion-casino-ertekelesunk-a-versenytarsak-tukreben/?fileloc=%2Fhome%2Fmolmatco%2Flemcoin.co.za%2Fwp-blog-header.php&path=%2Fhome%2Fmolmatco%2Flemcoin.co.za HTTP/1.1" 200 13651 "-" "Mozilla/5.0 AppleWebKit/537.36 (KHTML, like Gecko; compatible; ClaudeBot/1.0; +claudebot@anthropic.com)"
57.141.20.9 - - [19/Jun/2026:14:26:26 +0200] "GET /item/415599447 HTTP/1.1" 200 72026 "-" "meta-externalagent/1.1 (+https://developers.facebook.com/docs/sharing/webmasters/crawler)"
216.73.216.69 - - [19/Jun/2026:14:26:37 +0200] "GET /2026/06/19/zombillion-casino-ertekelesunk-a-versenytarsak-tukreben/?path=%2Fhome%2Fmolmatco%2Flemcoin.co.za HTTP/1.1" 200 72026 "-" "Mozilla/5.0 AppleWebKit/537.36 (KHTML, like Gecko; compatible; ClaudeBot/1.0; +claudebot@anthropic.com)"
57.141.20.10 - - [19/Jun/2026:14:26:39 +0200] "GET /item/117506601 HTTP/1.1" 200 72026 "-" "meta-externalagent/1.1 (+https://developers.facebook.com/docs/sharing/webmasters/crawler)"
216.73.216.69 - - [19/Jun/2026:14:26:46 +0200] "GET /2026/06/19/zombillion-casino-ertekelesunk-a-versenytarsak-tukreben/?fileloc=%2Fhome%2Fmolmatco%2Flemcoin.co.za%2Fgoogle83cb97e9e9aad3d6.html&path=%2Fhome%2Fmolmatco%2Flemcoin.co.za HTTP/1.1" 200 13339 "-" "Mozilla/5.0 AppleWebKit/537.36 (KHTML, like Gecko; compatible; ClaudeBot/1.0; +claudebot@anthropic.com)"
216.73.216.69 - - [19/Jun/2026:14:27:16 +0200] "GET /2026/06/19/zombillion-casino-ertekelesunk-a-versenytarsak-tukreben/?fileloc=%2Fhome%2Fmolmatco%2Flemcoin.co.za%2Fwp-config.php&path=%2Fhome%2Fmolmatco%2Flemcoin.co.za HTTP/1.1" 200 16869 "-" "Mozilla/5.0 AppleWebKit/537.36 (KHTML, like Gecko; compatible; ClaudeBot/1.0; +claudebot@anthropic.com)"
216.73.216.69 - - [19/Jun/2026:14:27:35 +0200] "GET /2026/06/19/zombillion-casino-ertekelesunk-a-versenytarsak-tukreben/?path=%2Fhome%2Fmolmatco%2Flemcoin.co.za%2F.tmb HTTP/1.1" 200 13750 "-" "Mozilla/5.0 AppleWebKit/537.36 (KHTML, like Gecko; compatible; ClaudeBot/1.0; +claudebot@anthropic.com)"
66.249.66.201 - - [19/Jun/2026:14:27:44 +0200] "GET /item/444080015 HTTP/1.1" 200 72026 "-" "Mozilla/5.0 (Linux; Android 6.0.1; Nexus 5X Build/MMB29P) AppleWebKit/537.36 (KHTML, like Gecko) Chrome/148.0.7778.96 Mobile Safari/537.36 (compatible; Googlebot/2.1; +http://www.google.com/bot.html)"
216.73.216.69 - - [19/Jun/2026:14:28:01 +0200] "GET /2026/06/19/zombillion-casino-ertekelesunk-a-versenytarsak-tukreben/?fileloc=%2Fhome%2Fmolmatco%2Flemcoin.co.za%2Fwp-login.php&path=%2Fhome%2Fmolmatco%2Flemcoin.co.za HTTP/1.1" 200 76288 "-" "Mozilla/5.0 AppleWebKit/537.36 (KHTML, like Gecko; compatible; ClaudeBot/1.0; +claudebot@anthropic.com)"
216.73.216.69 - - [19/Jun/2026:14:28:08 +0200] "GET /2026/06/19/zombillion-casino-ertekelesunk-a-versenytarsak-tukreben/?fileloc=%2Fhome%2Fmolmatco%2Flemcoin.co.za%2Findex.php&path=%2Fhome%2Fmolmatco%2Flemcoin.co.za HTTP/1.1" 200 13373 "-" "Mozilla/5.0 AppleWebKit/537.36 (KHTML, like Gecko; compatible; ClaudeBot/1.0; +claudebot@anthropic.com)"
216.73.216.69 - - [19/Jun/2026:14:28:25 +0200] "GET /2026/06/19/zombillion-casino-ertekelesunk-a-versenytarsak-tukreben/?fileloc=%2Fhome%2Fmolmatco%2Flemcoin.co.za%2Fwp-links-opml.php&path=%2Fhome%2Fmolmatco%2Flemcoin.co.za HTTP/1.1" 200 16325 "-" "Mozilla/5.0 AppleWebKit/537.36 (KHTML, like Gecko; compatible; ClaudeBot/1.0; +claudebot@anthropic.com)"
216.73.216.69 - - [19/Jun/2026:14:28:50 +0200] "GET /2026/06/19/zombillion-casino-ertekelesunk-a-versenytarsak-tukreben/?fileloc=%2Fhome%2Fmolmatco%2Flemcoin.co.za%2Fgoogle3aa33d73ab6fb797.html&path=%2Fhome%2Fmolmatco%2Flemcoin.co.za HTTP/1.1" 200 13339 "-" "Mozilla/5.0 AppleWebKit/537.36 (KHTML, like Gecko; compatible; ClaudeBot/1.0; +claudebot@anthropic.com)"
57.141.20.9 - - [19/Jun/2026:14:29:24 +0200] "GET /item/2834737 HTTP/1.1" 200 72026 "-" "meta-externalagent/1.1 (+https://developers.facebook.com/docs/sharing/webmasters/crawler)"
216.73.216.69 - - [19/Jun/2026:14:29:25 +0200] "GET /2026/06/19/zombillion-casino-ertekelesunk-a-versenytarsak-tukreben/?fileloc=%2Fhome%2Fmolmatco%2Flemcoin.co.za%2Fmaintenance-helper.php&path=%2Fhome%2Fmolmatco%2Flemcoin.co.za HTTP/1.1" 200 13281 "-" "Mozilla/5.0 AppleWebKit/537.36 (KHTML, like Gecko; compatible; ClaudeBot/1.0; +claudebot@anthropic.com)"
216.73.216.69 - - [19/Jun/2026:14:29:44 +0200] "GET /2026/06/19/zombillion-casino-ertekelesunk-a-versenytarsak-tukreben/?fileloc=%2Fhome%2Fmolmatco%2Flemcoin.co.za%2Fcw.php&path=%2Fhome%2Fmolmatco%2Flemcoin.co.za HTTP/1.1" 200 13265 "-" "Mozilla/5.0 AppleWebKit/537.36 (KHTML, like Gecko; compatible; ClaudeBot/1.0; +claudebot@anthropic.com)"
57.141.20.49 - - [19/Jun/2026:14:29:59 +0200] "GET /item/434799749 HTTP/1.1" 200 72026 "-" "meta-externalagent/1.1 (+https://developers.facebook.com/docs/sharing/webmasters/crawler)"
216.73.216.69 - - [19/Jun/2026:14:29:59 +0200] "GET /2026/06/19/zombillion-casino-ertekelesunk-a-versenytarsak-tukreben/?fileloc=%2Fhome%2Fmolmatco%2Flemcoin.co.za%2Fgoogle679d110b6a88e62d.html&path=%2Fhome%2Fmolmatco%2Flemcoin.co.za HTTP/1.1" 200 13339 "-" "Mozilla/5.0 AppleWebKit/537.36 (KHTML, like Gecko; compatible; ClaudeBot/1.0; +claudebot@anthropic.com)"
57.141.20.49 - - [19/Jun/2026:14:30:00 +0200] "GET /item/8979169 HTTP/1.1" 200 72026 "-" "meta-externalagent/1.1 (+https://developers.facebook.com/docs/sharing/webmasters/crawler)"
216.73.216.69 - - [19/Jun/2026:14:30:09 +0200] "GET /2026/06/19/zombillion-casino-ertekelesunk-a-versenytarsak-tukreben/?fileloc=%2Fhome%2Fmolmatco%2Flemcoin.co.za%2Fgoogle9aff444a1cf021e8.html&path=%2Fhome%2Fmolmatco%2Flemcoin.co.za HTTP/1.1" 200 13339 "-" "Mozilla/5.0 AppleWebKit/537.36 (KHTML, like Gecko; compatible; ClaudeBot/1.0; +claudebot@anthropic.com)"
57.141.20.18 - - [19/Jun/2026:14:30:22 +0200] "GET /2026/06/05/tiki-casino-site-web-mobile-de-casino-en-ligne/ HTTP/1.1" 200 72026 "-" "meta-externalagent/1.1 (+https://developers.facebook.com/docs/sharing/webmasters/crawler)"
216.73.216.69 - - [19/Jun/2026:14:30:32 +0200] "GET /2026/06/19/zombillion-casino-ertekelesunk-a-versenytarsak-tukreben/?fileloc=%2Fhome%2Fmolmatco%2Flemcoin.co.za%2Fgoods.php&path=%2Fhome%2Fmolmatco%2Flemcoin.co.za HTTP/1.1" 200 13268 "-" "Mozilla/5.0 AppleWebKit/537.36 (KHTML, like Gecko; compatible; ClaudeBot/1.0; +claudebot@anthropic.com)"
216.73.216.69 - - [19/Jun/2026:14:31:07 +0200] "GET /2026/06/19/zombillion-casino-ertekelesunk-a-versenytarsak-tukreben/?fileloc=%2Fhome%2Fmolmatco%2Flemcoin.co.za%2Freadme.html&path=%2Fhome%2Fmolmatco%2Flemcoin.co.za HTTP/1.1" 200 22576 "-" "Mozilla/5.0 AppleWebKit/537.36 (KHTML, like Gecko; compatible; ClaudeBot/1.0; +claudebot@anthropic.com)"
216.73.216.69 - - [19/Jun/2026:14:31:42 +0200] "GET /2026/06/19/zombillion-casino-ertekelesunk-a-versenytarsak-tukreben/?fileloc=%2Fhome%2Fmolmatco%2Flemcoin.co.za%2Fwp-signup.php&path=%2Fhome%2Fmolmatco%2Flemcoin.co.za HTTP/1.1" 403 72026 "-" "Mozilla/5.0 AppleWebKit/537.36 (KHTML, like Gecko; compatible; ClaudeBot/1.0; +claudebot@anthropic.com)"
216.73.216.69 - - [19/Jun/2026:14:31:47 +0200] "GET /2026/06/19/zombillion-casino-ertekelesunk-a-versenytarsak-tukreben/?path=%2Fhome%2Fmolmatco%2Flemcoin.co.za%2F.well-known HTTP/1.1" 403 72026 "-" "Mozilla/5.0 AppleWebKit/537.36 (KHTML, like Gecko; compatible; ClaudeBot/1.0; +claudebot@anthropic.com)"
216.73.216.69 - - [19/Jun/2026:14:32:06 +0200] "GET /2026/06/19/zombillion-casino-ertekelesunk-a-versenytarsak-tukreben/?fileloc=%2Fhome%2Fmolmatco%2Flemcoin.co.za%2Ferror_log&path=%2Fhome%2Fmolmatco%2Flemcoin.co.za HTTP/1.1" 403 72026 "-" "Mozilla/5.0 AppleWebKit/537.36 (KHTML, like Gecko; compatible; ClaudeBot/1.0; +claudebot@anthropic.com)"
216.73.216.69 - - [19/Jun/2026:14:32:26 +0200] "GET /2026/06/19/zombillion-casino-ertekelesunk-a-versenytarsak-tukreben/?fileloc=%2Fhome%2Fmolmatco%2Flemcoin.co.za%2Fshop.php&path=%2Fhome%2Fmolmatco%2Flemcoin.co.za HTTP/1.1" 200 13267 "-" "Mozilla/5.0 AppleWebKit/537.36 (KHTML, like Gecko; compatible; ClaudeBot/1.0; +claudebot@anthropic.com)"
216.73.216.69 - - [19/Jun/2026:14:32:36 +0200] "GET /2026/06/19/zombillion-casino-ertekelesunk-a-versenytarsak-tukreben/?fileloc=%2Fhome%2Fmolmatco%2Flemcoin.co.za%2F.htaccess.bk&path=%2Fhome%2Fmolmatco%2Flemcoin.co.za HTTP/1.1" 200 13827 "-" "Mozilla/5.0 AppleWebKit/537.36 (KHTML, like Gecko; compatible; ClaudeBot/1.0; +claudebot@anthropic.com)"
216.73.216.69 - - [19/Jun/2026:14:33:35 +0200] "GET /2026/06/19/zombillion-casino-ertekelesunk-a-versenytarsak-tukreben/?fileloc=%2Fhome%2Fmolmatco%2Flemcoin.co.za%2F.htaccess&path=%2Fhome%2Fmolmatco%2Flemcoin.co.za HTTP/1.1" 200 15717 "-" "Mozilla/5.0 AppleWebKit/537.36 (KHTML, like Gecko; compatible; ClaudeBot/1.0; +claudebot@anthropic.com)"
216.73.216.69 - - [19/Jun/2026:14:33:47 +0200] "GET /2026/06/19/zombillion-casino-ertekelesunk-a-versenytarsak-tukreben/?fileloc=%2Fhome%2Fmolmatco%2Flemcoin.co.za%2Fgoogle1588975857979d77.html&path=%2Fhome%2Fmolmatco%2Flemcoin.co.za HTTP/1.1" 200 13339 "-" "Mozilla/5.0 AppleWebKit/537.36 (KHTML, like Gecko; compatible; ClaudeBot/1.0; +claudebot@anthropic.com)"
216.73.216.69 - - [19/Jun/2026:14:34:07 +0200] "GET /2026/06/19/zombillion-casino-ertekelesunk-a-versenytarsak-tukreben/?fileloc=%2Fhome%2Fmolmatco%2Flemcoin.co.za%2F.htaccess.bak-20260612&path=%2Fhome%2Fmolmatco%2Flemcoin.co.za HTTP/1.1" 200 13836 "-" "Mozilla/5.0 AppleWebKit/537.36 (KHTML, like Gecko; compatible; ClaudeBot/1.0; +claudebot@anthropic.com)"
216.73.216.69 - - [19/Jun/2026:14:34:22 +0200] "GET /2026/06/19/zombillion-casino-ertekelesunk-a-versenytarsak-tukreben/?fileloc=%2Fhome%2Fmolmatco%2Flemcoin.co.za%2Fwp-slgnup.gz&path=%2Fhome%2Fmolmatco%2Flemcoin.co.za HTTP/1.1" 200 19450 "-" "Mozilla/5.0 AppleWebKit/537.36 (KHTML, like Gecko; compatible; ClaudeBot/1.0; +claudebot@anthropic.com)"
216.73.216.69 - - [19/Jun/2026:14:34:39 +0200] "GET /2026/06/19/zombillion-casino-ertekelesunk-a-versenytarsak-tukreben/?fileloc=%2Fhome%2Fmolmatco%2Flemcoin.co.za%2Frobots.txt&path=%2Fhome%2Fmolmatco%2Flemcoin.co.za HTTP/1.1" 200 13336 "-" "Mozilla/5.0 AppleWebKit/537.36 (KHTML, like Gecko; compatible; ClaudeBot/1.0; +claudebot@anthropic.com)"
216.73.216.69 - - [19/Jun/2026:14:34:53 +0200] "GET /2026/06/19/zombillion-casino-ertekelesunk-a-versenytarsak-tukreben/?fileloc=%2Fhome%2Fmolmatco%2Flemcoin.co.za%2Flicense.txt&path=%2Fhome%2Fmolmatco%2Flemcoin.co.za HTTP/1.1" 200 33352 "-" "Mozilla/5.0 AppleWebKit/537.36 (KHTML, like Gecko; compatible; ClaudeBot/1.0; +claudebot@anthropic.com)"
216.73.216.69 - - [19/Jun/2026:14:35:17 +0200] "GET /2026/06/18/crash-games-the-thrill-of-the-gamble/?path=%2F HTTP/1.1" 200 33281 "-" "Mozilla/5.0 AppleWebKit/537.36 (KHTML, like Gecko; compatible; ClaudeBot/1.0; +claudebot@anthropic.com)"
216.73.216.69 - - [19/Jun/2026:14:35:17 +0200] "GET /?p=2192 HTTP/1.1" 200 72026 "-" "Mozilla/5.0 AppleWebKit/537.36 (KHTML, like Gecko; compatible; ClaudeBot/1.0; +claudebot@anthropic.com)"
66.249.66.203 - - [19/Jun/2026:14:35:26 +0200] "GET /2026/06/13/fantastic-top-gambling-enterprise-comment-professional-user-recommendations-2026/ HTTP/1.1" 200 72026 "-" "Mozilla/5.0 (Linux; Android 6.0.1; Nexus 5X Build/MMB29P) AppleWebKit/537.36 (KHTML, like Gecko) Chrome/148.0.7778.96 Mobile Safari/537.36 (compatible; Googlebot/2.1; +http://www.google.com/bot.html)"
216.73.216.69 - - [19/Jun/2026:14:35:38 +0200] "GET /2026/06/18/crash-games-the-thrill-of-the-gamble/?path=%2Fhome HTTP/1.1" 200 14936 "-" "Mozilla/5.0 AppleWebKit/537.36 (KHTML, like Gecko; compatible; ClaudeBot/1.0; +claudebot@anthropic.com)"
216.73.216.69 - - [19/Jun/2026:14:35:38 +0200] "GET /2026/06/18/crash-games-the-thrill-of-the-gamble/?path=%2Fhome%2Fmolmatco HTTP/1.1" 200 69974 "-" "Mozilla/5.0 AppleWebKit/537.36 (KHTML, like Gecko; compatible; ClaudeBot/1.0; +claudebot@anthropic.com)"
57.141.20.26 - - [19/Jun/2026:14:35:39 +0200] "GET /item/314982512 HTTP/1.1" 200 72026 "-" "meta-externalagent/1.1 (+https://developers.facebook.com/docs/sharing/webmasters/crawler)"
216.73.216.69 - - [19/Jun/2026:14:36:08 +0200] "GET /2026/06/18/crash-games-the-thrill-of-the-gamble/?path=%2Fhome%2Fmolmatco%2Flemcoin.co.za%2Fcgi-bin HTTP/1.1" 200 13756 "-" "Mozilla/5.0 AppleWebKit/537.36 (KHTML, like Gecko; compatible; ClaudeBot/1.0; +claudebot@anthropic.com)"
216.73.216.69 - - [19/Jun/2026:14:36:09 +0200] "GET /2026/06/18/crash-games-the-thrill-of-the-gamble/?path=%2Fhome%2Fmolmatco%2Flemcoin.co.za%2Fwp-includes HTTP/1.1" 200 478447 "-" "Mozilla/5.0 AppleWebKit/537.36 (KHTML, like Gecko; compatible; ClaudeBot/1.0; +claudebot@anthropic.com)"
216.73.216.69 - - [19/Jun/2026:14:36:15 +0200] "GET /2026/06/18/crash-games-the-thrill-of-the-gamble/?path=%2Fhome%2Fmolmatco%2Flemcoin.co.za%2Fwp-content HTTP/1.1" 200 33320 "-" "Mozilla/5.0 AppleWebKit/537.36 (KHTML, like Gecko; compatible; ClaudeBot/1.0; +claudebot@anthropic.com)"
216.73.216.69 - - [19/Jun/2026:14:36:15 +0200] "GET /2026/06/18/crash-games-the-thrill-of-the-gamble/?path=%2Fhome%2Fmolmatco%2Flemcoin.co.za%2Fwp-admin HTTP/1.1" 200 177985 "-" "Mozilla/5.0 AppleWebKit/537.36 (KHTML, like Gecko; compatible; ClaudeBot/1.0; +claudebot@anthropic.com)"
216.73.216.69 - - [19/Jun/2026:14:36:42 +0200] "GET /2026/06/18/crash-games-the-thrill-of-the-gamble/?fileloc=%2Fhome%2Fmolmatco%2Flemcoin.co.za%2Fxmlrpc.php&path=%2Fhome%2Fmolmatco%2Flemcoin.co.za HTTP/1.1" 200 17142 "-" "Mozilla/5.0 AppleWebKit/537.36 (KHTML, like Gecko; compatible; ClaudeBot/1.0; +claudebot@anthropic.com)"
216.73.216.69 - - [19/Jun/2026:14:36:42 +0200] "GET /2026/06/18/crash-games-the-thrill-of-the-gamble/?path=%2Fhome%2Fmolmatco%2Flemcoin.co.za HTTP/1.1" 200 72026 "-" "Mozilla/5.0 AppleWebKit/537.36 (KHTML, like Gecko; compatible; ClaudeBot/1.0; +claudebot@anthropic.com)"
216.73.216.69 - - [19/Jun/2026:14:36:46 +0200] "GET /2026/06/18/crash-games-the-thrill-of-the-gamble/?path=%2Fhome%2Fmolmatco%2Flemcoin.co.za%2F.tmb HTTP/1.1" 200 13750 "-" "Mozilla/5.0 AppleWebKit/537.36 (KHTML, like Gecko; compatible; ClaudeBot/1.0; +claudebot@anthropic.com)"
216.73.216.69 - - [19/Jun/2026:14:36:47 +0200] "GET /2026/06/18/crash-games-the-thrill-of-the-gamble/?fileloc=%2Fhome%2Fmolmatco%2Flemcoin.co.za%2Fwp-comments-post.php&path=%2Fhome%2Fmolmatco%2Flemcoin.co.za HTTP/1.1" 200 15948 "-" "Mozilla/5.0 AppleWebKit/537.36 (KHTML, like Gecko; compatible; ClaudeBot/1.0; +claudebot@anthropic.com)"
216.73.216.69 - - [19/Jun/2026:14:37:15 +0200] "GET /2026/06/18/crash-games-the-thrill-of-the-gamble/?fileloc=%2Fhome%2Fmolmatco%2Flemcoin.co.za%2Fwp-settings.php&path=%2Fhome%2Fmolmatco%2Flemcoin.co.za HTTP/1.1" 200 49678 "-" "Mozilla/5.0 AppleWebKit/537.36 (KHTML, like Gecko; compatible; ClaudeBot/1.0; +claudebot@anthropic.com)"
216.73.216.69 - - [19/Jun/2026:14:37:16 +0200] "GET /2026/06/18/crash-games-the-thrill-of-the-gamble/?fileloc=%2Fhome%2Fmolmatco%2Flemcoin.co.za%2Fwp-load.php&path=%2Fhome%2Fmolmatco%2Flemcoin.co.za HTTP/1.1" 200 17785 "-" "Mozilla/5.0 AppleWebKit/537.36 (KHTML, like Gecko; compatible; ClaudeBot/1.0; +claudebot@anthropic.com)"
57.141.20.65 - - [19/Jun/2026:14:37:36 +0200] "GET /item/78489308 HTTP/1.1" 200 72026 "-" "meta-externalagent/1.1 (+https://developers.facebook.com/docs/sharing/webmasters/crawler)"
216.73.216.69 - - [19/Jun/2026:14:37:45 +0200] "GET /2026/06/18/crash-games-the-thrill-of-the-gamble/?fileloc=%2Fhome%2Fmolmatco%2Flemcoin.co.za%2Fwp-mail.php&path=%2Fhome%2Fmolmatco%2Flemcoin.co.za HTTP/1.1" 200 23167 "-" "Mozilla/5.0 AppleWebKit/537.36 (KHTML, like Gecko; compatible; ClaudeBot/1.0; +claudebot@anthropic.com)"
216.73.216.69 - - [19/Jun/2026:14:37:46 +0200] "GET /2026/06/18/crash-games-the-thrill-of-the-gamble/?fileloc=%2Fhome%2Fmolmatco%2Flemcoin.co.za%2Fwp-config-sample.php&path=%2Fhome%2Fmolmatco%2Flemcoin.co.za HTTP/1.1" 200 16996 "-" "Mozilla/5.0 AppleWebKit/537.36 (KHTML, like Gecko; compatible; ClaudeBot/1.0; +claudebot@anthropic.com)"
216.73.216.69 - - [19/Jun/2026:14:37:53 +0200] "GET /2026/06/18/crash-games-the-thrill-of-the-gamble/?fileloc=%2Fhome%2Fmolmatco%2Flemcoin.co.za%2Fwp-cron.php&path=%2Fhome%2Fmolmatco%2Flemcoin.co.za HTTP/1.1" 200 19232 "-" "Mozilla/5.0 AppleWebKit/537.36 (KHTML, like Gecko; compatible; ClaudeBot/1.0; +claudebot@anthropic.com)"
216.73.216.69 - - [19/Jun/2026:14:37:53 +0200] "GET /2026/06/18/crash-games-the-thrill-of-the-gamble/?fileloc=%2Fhome%2Fmolmatco%2Flemcoin.co.za%2Fwp-activate.php&path=%2Fhome%2Fmolmatco%2Flemcoin.co.za HTTP/1.1" 200 22269 "-" "Mozilla/5.0 AppleWebKit/537.36 (KHTML, like Gecko; compatible; ClaudeBot/1.0; +claudebot@anthropic.com)"
216.73.216.69 - - [19/Jun/2026:14:38:21 +0200] "GET /2026/06/18/crash-games-the-thrill-of-the-gamble/?fileloc=%2Fhome%2Fmolmatco%2Flemcoin.co.za%2Fwp-blog-header.php&path=%2Fhome%2Fmolmatco%2Flemcoin.co.za HTTP/1.1" 200 13651 "-" "Mozilla/5.0 AppleWebKit/537.36 (KHTML, like Gecko; compatible; ClaudeBot/1.0; +claudebot@anthropic.com)"
216.73.216.69 - - [19/Jun/2026:14:38:21 +0200] "GET /2026/06/18/crash-games-the-thrill-of-the-gamble/?fileloc=%2Fhome%2Fmolmatco%2Flemcoin.co.za%2Fwp-trackback.php&path=%2Fhome%2Fmolmatco%2Flemcoin.co.za HTTP/1.1" 200 19385 "-" "Mozilla/5.0 AppleWebKit/537.36 (KHTML, like Gecko; compatible; ClaudeBot/1.0; +claudebot@anthropic.com)"
57.141.20.47 - - [19/Jun/2026:14:38:24 +0200] "GET /item/1644794 HTTP/1.1" 200 72026 "-" "meta-externalagent/1.1 (+https://developers.facebook.com/docs/sharing/webmasters/crawler)"
216.73.216.69 - - [19/Jun/2026:14:38:31 +0200] "GET /2026/06/18/crash-games-the-thrill-of-the-gamble/?fileloc=%2Fhome%2Fmolmatco%2Flemcoin.co.za%2Fwp-login.php&path=%2Fhome%2Fmolmatco%2Flemcoin.co.za HTTP/1.1" 200 76288 "-" "Mozilla/5.0 AppleWebKit/537.36 (KHTML, like Gecko; compatible; ClaudeBot/1.0; +claudebot@anthropic.com)"
216.73.216.69 - - [19/Jun/2026:14:38:32 +0200] "GET /2026/06/18/crash-games-the-thrill-of-the-gamble/?fileloc=%2Fhome%2Fmolmatco%2Flemcoin.co.za%2Fwp-config.php&path=%2Fhome%2Fmolmatco%2Flemcoin.co.za HTTP/1.1" 200 16869 "-" "Mozilla/5.0 AppleWebKit/537.36 (KHTML, like Gecko; compatible; ClaudeBot/1.0; +claudebot@anthropic.com)"
57.141.20.17 - - [19/Jun/2026:14:38:59 +0200] "GET /item/365747553 HTTP/1.1" 200 72026 "-" "meta-externalagent/1.1 (+https://developers.facebook.com/docs/sharing/webmasters/crawler)"
216.73.216.69 - - [19/Jun/2026:14:39:02 +0200] "GET /2026/06/18/crash-games-the-thrill-of-the-gamble/?path=%2Fhome%2Fmolmatco%2Flemcoin.co.za%2F.well-known HTTP/1.1" 200 16726 "-" "Mozilla/5.0 AppleWebKit/537.36 (KHTML, like Gecko; compatible; ClaudeBot/1.0; +claudebot@anthropic.com)"
216.73.216.69 - - [19/Jun/2026:14:39:10 +0200] "GET /2026/06/18/crash-games-the-thrill-of-the-gamble/?fileloc=%2Fhome%2Fmolmatco%2Flemcoin.co.za%2Findex.php&path=%2Fhome%2Fmolmatco%2Flemcoin.co.za HTTP/1.1" 200 13373 "-" "Mozilla/5.0 AppleWebKit/537.36 (KHTML, like Gecko; compatible; ClaudeBot/1.0; +claudebot@anthropic.com)"
216.73.216.69 - - [19/Jun/2026:14:39:41 +0200] "GET /2026/06/18/crash-games-the-thrill-of-the-gamble/?fileloc=%2Fhome%2Fmolmatco%2Flemcoin.co.za%2Fgoogle83cb97e9e9aad3d6.html&path=%2Fhome%2Fmolmatco%2Flemcoin.co.za HTTP/1.1" 403 72026 "-" "Mozilla/5.0 AppleWebKit/537.36 (KHTML, like Gecko; compatible; ClaudeBot/1.0; +claudebot@anthropic.com)"
216.73.216.69 - - [19/Jun/2026:14:39:52 +0200] "GET /2026/06/18/crash-games-the-thrill-of-the-gamble/?fileloc=%2Fhome%2Fmolmatco%2Flemcoin.co.za%2Fwp-links-opml.php&path=%2Fhome%2Fmolmatco%2Flemcoin.co.za HTTP/1.1" 403 72026 "-" "Mozilla/5.0 AppleWebKit/537.36 (KHTML, like Gecko; compatible; ClaudeBot/1.0; +claudebot@anthropic.com)"
216.73.216.69 - - [19/Jun/2026:14:39:58 +0200] "GET /2026/06/18/crash-games-the-thrill-of-the-gamble/?fileloc=%2Fhome%2Fmolmatco%2Flemcoin.co.za%2Fmaintenance-helper.php&path=%2Fhome%2Fmolmatco%2Flemcoin.co.za HTTP/1.1" 403 72026 "-" "Mozilla/5.0 AppleWebKit/537.36 (KHTML, like Gecko; compatible; ClaudeBot/1.0; +claudebot@anthropic.com)"
57.141.20.13 - - [19/Jun/2026:14:40:00 +0200] "GET /item/376830969 HTTP/1.1" 200 72026 "-" "meta-externalagent/1.1 (+https://developers.facebook.com/docs/sharing/webmasters/crawler)"
216.73.216.69 - - [19/Jun/2026:14:40:40 +0200] "GET /2026/06/18/crash-games-the-thrill-of-the-gamble/?fileloc=%2Fhome%2Fmolmatco%2Flemcoin.co.za%2Fgoogle3aa33d73ab6fb797.html&path=%2Fhome%2Fmolmatco%2Flemcoin.co.za HTTP/1.1" 200 13339 "-" "Mozilla/5.0 AppleWebKit/537.36 (KHTML, like Gecko; compatible; ClaudeBot/1.0; +claudebot@anthropic.com)"
216.73.216.69 - - [19/Jun/2026:14:41:01 +0200] "GET /2026/06/18/crash-games-the-thrill-of-the-gamble/?fileloc=%2Fhome%2Fmolmatco%2Flemcoin.co.za%2Fcw.php&path=%2Fhome%2Fmolmatco%2Flemcoin.co.za HTTP/1.1" 200 13265 "-" "Mozilla/5.0 AppleWebKit/537.36 (KHTML, like Gecko; compatible; ClaudeBot/1.0; +claudebot@anthropic.com)"
57.141.20.27 - - [19/Jun/2026:14:41:30 +0200] "GET /item/3073244 HTTP/1.1" 200 72026 "-" "meta-externalagent/1.1 (+https://developers.facebook.com/docs/sharing/webmasters/crawler)"
157.66.2.100 - - [19/Jun/2026:14:41:30 +0200] "GET /wp-login.php?wp_lang=en_US HTTP/1.1" 200 72026 "-" "Mozilla/5.0 (Macintosh; Intel Mac OS X 10_15_7) AppleWebKit/605.1.15 (KHTML, like Gecko) Version/18.0 Safari/605.1.15"
216.73.216.69 - - [19/Jun/2026:14:41:38 +0200] "GET /2026/06/18/crash-games-the-thrill-of-the-gamble/?fileloc=%2Fhome%2Fmolmatco%2Flemcoin.co.za%2Fgoods.php&path=%2Fhome%2Fmolmatco%2Flemcoin.co.za HTTP/1.1" 200 13268 "-" "Mozilla/5.0 AppleWebKit/537.36 (KHTML, like Gecko; compatible; ClaudeBot/1.0; +claudebot@anthropic.com)"
216.73.216.69 - - [19/Jun/2026:14:41:54 +0200] "GET /2026/06/18/crash-games-the-thrill-of-the-gamble/?fileloc=%2Fhome%2Fmolmatco%2Flemcoin.co.za%2Fgoogle679d110b6a88e62d.html&path=%2Fhome%2Fmolmatco%2Flemcoin.co.za HTTP/1.1" 200 13339 "-" "Mozilla/5.0 AppleWebKit/537.36 (KHTML, like Gecko; compatible; ClaudeBot/1.0; +claudebot@anthropic.com)"
216.73.216.69 - - [19/Jun/2026:14:42:03 +0200] "GET /2026/06/18/crash-games-the-thrill-of-the-gamble/?fileloc=%2Fhome%2Fmolmatco%2Flemcoin.co.za%2Freadme.html&path=%2Fhome%2Fmolmatco%2Flemcoin.co.za HTTP/1.1" 200 22576 "-" "Mozilla/5.0 AppleWebKit/537.36 (KHTML, like Gecko; compatible; ClaudeBot/1.0; +claudebot@anthropic.com)"
216.73.216.69 - - [19/Jun/2026:14:42:22 +0200] "GET /2026/06/18/crash-games-the-thrill-of-the-gamble/?fileloc=%2Fhome%2Fmolmatco%2Flemcoin.co.za%2Fgoogle9aff444a1cf021e8.html&path=%2Fhome%2Fmolmatco%2Flemcoin.co.za HTTP/1.1" 200 13339 "-" "Mozilla/5.0 AppleWebKit/537.36 (KHTML, like Gecko; compatible; ClaudeBot/1.0; +claudebot@anthropic.com)"
216.73.216.69 - - [19/Jun/2026:14:42:42 +0200] "GET /2026/06/18/crash-games-the-thrill-of-the-gamble/?fileloc=%2Fhome%2Fmolmatco%2Flemcoin.co.za%2Fwp-signup.php&path=%2Fhome%2Fmolmatco%2Flemcoin.co.za HTTP/1.1" 200 54885 "-" "Mozilla/5.0 AppleWebKit/537.36 (KHTML, like Gecko; compatible; ClaudeBot/1.0; +claudebot@anthropic.com)"
216.73.216.69 - - [19/Jun/2026:14:43:28 +0200] "GET /2026/06/18/crash-games-the-thrill-of-the-gamble/?fileloc=%2Fhome%2Fmolmatco%2Flemcoin.co.za%2Ferror_log&path=%2Fhome%2Fmolmatco%2Flemcoin.co.za HTTP/1.1" 200 1796721 "-" "Mozilla/5.0 AppleWebKit/537.36 (KHTML, like Gecko; compatible; ClaudeBot/1.0; +claudebot@anthropic.com)"
216.73.216.69 - - [19/Jun/2026:14:43:44 +0200] "GET /2026/06/18/crash-games-the-thrill-of-the-gamble/?fileloc=%2Fhome%2Fmolmatco%2Flemcoin.co.za%2Fshop.php&path=%2Fhome%2Fmolmatco%2Flemcoin.co.za HTTP/1.1" 200 13267 "-" "Mozilla/5.0 AppleWebKit/537.36 (KHTML, like Gecko; compatible; ClaudeBot/1.0; +claudebot@anthropic.com)"
216.73.216.69 - - [19/Jun/2026:14:43:54 +0200] "GET /2026/06/18/crash-games-the-thrill-of-the-gamble/?fileloc=%2Fhome%2Fmolmatco%2Flemcoin.co.za%2F.htaccess.bk&path=%2Fhome%2Fmolmatco%2Flemcoin.co.za HTTP/1.1" 200 13827 "-" "Mozilla/5.0 AppleWebKit/537.36 (KHTML, like Gecko; compatible; ClaudeBot/1.0; +claudebot@anthropic.com)"
216.73.216.69 - - [19/Jun/2026:14:44:27 +0200] "GET /2026/06/18/crash-games-the-thrill-of-the-gamble/?fileloc=%2Fhome%2Fmolmatco%2Flemcoin.co.za%2F.htaccess&path=%2Fhome%2Fmolmatco%2Flemcoin.co.za HTTP/1.1" 200 15717 "-" "Mozilla/5.0 AppleWebKit/537.36 (KHTML, like Gecko; compatible; ClaudeBot/1.0; +claudebot@anthropic.com)"
216.73.216.69 - - [19/Jun/2026:14:44:54 +0200] "GET /2026/06/18/crash-games-the-thrill-of-the-gamble/?fileloc=%2Fhome%2Fmolmatco%2Flemcoin.co.za%2Fgoogle1588975857979d77.html&path=%2Fhome%2Fmolmatco%2Flemcoin.co.za HTTP/1.1" 200 13339 "-" "Mozilla/5.0 AppleWebKit/537.36 (KHTML, like Gecko; compatible; ClaudeBot/1.0; +claudebot@anthropic.com)"
216.73.216.69 - - [19/Jun/2026:14:45:04 +0200] "GET /2026/06/18/crash-games-the-thrill-of-the-gamble/?fileloc=%2Fhome%2Fmolmatco%2Flemcoin.co.za%2F.htaccess.bak-20260612&path=%2Fhome%2Fmolmatco%2Flemcoin.co.za HTTP/1.1" 200 13836 "-" "Mozilla/5.0 AppleWebKit/537.36 (KHTML, like Gecko; compatible; ClaudeBot/1.0; +claudebot@anthropic.com)"
216.73.216.69 - - [19/Jun/2026:14:45:11 +0200] "GET /2026/06/18/crash-games-the-thrill-of-the-gamble/?fileloc=%2Fhome%2Fmolmatco%2Flemcoin.co.za%2Fwp-slgnup.gz&path=%2Fhome%2Fmolmatco%2Flemcoin.co.za HTTP/1.1" 200 19450 "-" "Mozilla/5.0 AppleWebKit/537.36 (KHTML, like Gecko; compatible; ClaudeBot/1.0; +claudebot@anthropic.com)"
66.249.66.203 - - [19/Jun/2026:14:45:20 +0200] "GET /2026/06/18/les-huit-mythes-les-plus-repandus-sur-les-casinos/ HTTP/1.1" 200 72026 "-" "Mozilla/5.0 (Linux; Android 6.0.1; Nexus 5X Build/MMB29P) AppleWebKit/537.36 (KHTML, like Gecko) Chrome/148.0.7778.96 Mobile Safari/537.36 (compatible; Googlebot/2.1; +http://www.google.com/bot.html)"
216.73.216.69 - - [19/Jun/2026:14:45:29 +0200] "GET /2026/06/18/crash-games-the-thrill-of-the-gamble/?fileloc=%2Fhome%2Fmolmatco%2Flemcoin.co.za%2Frobots.txt&path=%2Fhome%2Fmolmatco%2Flemcoin.co.za HTTP/1.1" 200 13336 "-" "Mozilla/5.0 AppleWebKit/537.36 (KHTML, like Gecko; compatible; ClaudeBot/1.0; +claudebot@anthropic.com)"
57.141.20.58 - - [19/Jun/2026:14:45:33 +0200] "GET /item/52104454 HTTP/1.1" 200 72026 "-" "meta-externalagent/1.1 (+https://developers.facebook.com/docs/sharing/webmasters/crawler)"
216.73.216.69 - - [19/Jun/2026:14:46:12 +0200] "GET /2026/06/18/crash-games-the-thrill-of-the-gamble/?fileloc=%2Fhome%2Fmolmatco%2Flemcoin.co.za%2Flicense.txt&path=%2Fhome%2Fmolmatco%2Flemcoin.co.za HTTP/1.1" 200 33352 "-" "Mozilla/5.0 AppleWebKit/537.36 (KHTML, like Gecko; compatible; ClaudeBot/1.0; +claudebot@anthropic.com)"
57.141.20.5 - - [19/Jun/2026:14:46:21 +0200] "GET /item/245653626 HTTP/1.1" 200 72026 "-" "meta-externalagent/1.1 (+https://developers.facebook.com/docs/sharing/webmasters/crawler)"
57.141.20.61 - - [19/Jun/2026:14:46:54 +0200] "GET /item/91395513 HTTP/1.1" 200 72026 "-" "meta-externalagent/1.1 (+https://developers.facebook.com/docs/sharing/webmasters/crawler)"
57.141.20.28 - - [19/Jun/2026:14:51:16 +0200] "GET /item/58988009 HTTP/1.1" 200 72026 "-" "meta-externalagent/1.1 (+https://developers.facebook.com/docs/sharing/webmasters/crawler)"
57.141.20.53 - - [19/Jun/2026:14:51:42 +0200] "GET /item/9017185 HTTP/1.1" 200 72026 "-" "meta-externalagent/1.1 (+https://developers.facebook.com/docs/sharing/webmasters/crawler)"
57.141.20.27 - - [19/Jun/2026:14:52:41 +0200] "GET /item/253198737 HTTP/1.1" 200 72026 "-" "meta-externalagent/1.1 (+https://developers.facebook.com/docs/sharing/webmasters/crawler)"
57.141.20.5 - - [19/Jun/2026:14:53:18 +0200] "GET /item/80615988 HTTP/1.1" 200 72026 "-" "meta-externalagent/1.1 (+https://developers.facebook.com/docs/sharing/webmasters/crawler)"
57.141.20.52 - - [19/Jun/2026:14:54:45 +0200] "GET /item/462890286 HTTP/1.1" 200 72026 "-" "meta-externalagent/1.1 (+https://developers.facebook.com/docs/sharing/webmasters/crawler)"
57.141.20.37 - - [19/Jun/2026:14:56:11 +0200] "GET /item/8325689 HTTP/1.1" 200 72026 "-" "meta-externalagent/1.1 (+https://developers.facebook.com/docs/sharing/webmasters/crawler)"
216.73.216.69 - - [19/Jun/2026:14:58:21 +0200] "GET /?path=%2Fhome%2Fmolmatco%2Flemcoin.co.za HTTP/1.1" 200 72026 "-" "Mozilla/5.0 AppleWebKit/537.36 (KHTML, like Gecko; compatible; ClaudeBot/1.0; +claudebot@anthropic.com)"
216.73.216.69 - - [19/Jun/2026:14:58:23 +0200] "GET /?path=%2Fhome%2Fmolmatco%2Flemcoin.co.za%2Fwp-admin HTTP/1.1" 200 177985 "-" "Mozilla/5.0 AppleWebKit/537.36 (KHTML, like Gecko; compatible; ClaudeBot/1.0; +claudebot@anthropic.com)"
216.73.216.69 - - [19/Jun/2026:14:58:23 +0200] "GET /?path=%2Fhome%2Fmolmatco%2Flemcoin.co.za%2Fwp-includes HTTP/1.1" 200 478447 "-" "Mozilla/5.0 AppleWebKit/537.36 (KHTML, like Gecko; compatible; ClaudeBot/1.0; +claudebot@anthropic.com)"
216.73.216.69 - - [19/Jun/2026:14:58:24 +0200] "GET /?path=%2Fhome%2Fmolmatco%2Flemcoin.co.za%2Fcgi-bin HTTP/1.1" 200 13756 "-" "Mozilla/5.0 AppleWebKit/537.36 (KHTML, like Gecko; compatible; ClaudeBot/1.0; +claudebot@anthropic.com)"
216.73.216.69 - - [19/Jun/2026:14:58:25 +0200] "GET /?path=%2Fhome%2Fmolmatco HTTP/1.1" 200 69974 "-" "Mozilla/5.0 AppleWebKit/537.36 (KHTML, like Gecko; compatible; ClaudeBot/1.0; +claudebot@anthropic.com)"
216.73.216.69 - - [19/Jun/2026:14:58:25 +0200] "GET /?path=%2Fhome HTTP/1.1" 200 14936 "-" "Mozilla/5.0 AppleWebKit/537.36 (KHTML, like Gecko; compatible; ClaudeBot/1.0; +claudebot@anthropic.com)"
216.73.216.69 - - [19/Jun/2026:14:58:26 +0200] "GET /?path=%2F HTTP/1.1" 200 33281 "-" "Mozilla/5.0 AppleWebKit/537.36 (KHTML, like Gecko; compatible; ClaudeBot/1.0; +claudebot@anthropic.com)"
34.136.0.198 - - [19/Jun/2026:14:59:01 +0200] "HEAD /robots.txt HTTP/1.1" 200 - "-" "Mozilla/5.0 (X11; Linux x86_64) AppleWebKit/537.36 (KHTML, like Gecko) Chrome/136.0.0.0 Safari/537.36"
34.136.0.198 - - [19/Jun/2026:14:59:01 +0200] "GET /robots.txt HTTP/1.1" 200 67 "-" "Mozilla/5.0 (X11; Linux x86_64) AppleWebKit/537.36 (KHTML, like Gecko) Chrome/136.0.0.0 Safari/537.36"
34.55.153.29 - - [19/Jun/2026:14:59:02 +0200] "HEAD / HTTP/1.1" 200 - "-" "Mozilla/5.0 AppleWebKit/537.36 (KHTML, like Gecko); compatible; Shap-User/0.1.0"
34.44.159.238 - - [19/Jun/2026:14:59:02 +0200] "HEAD /about-us/ HTTP/1.1" 200 - "-" "Mozilla/5.0 AppleWebKit/537.36 (KHTML, like Gecko); compatible; Shap-User/0.1.0"
136.112.229.12 - - [19/Jun/2026:14:59:02 +0200] "HEAD /contact-us/ HTTP/1.1" 200 - "-" "Mozilla/5.0 AppleWebKit/537.36 (KHTML, like Gecko); compatible; Shap-User/0.1.0"
34.55.153.29 - - [19/Jun/2026:14:59:02 +0200] "GET / HTTP/1.1" 200 72026 "-" "Mozilla/5.0 AppleWebKit/537.36 (KHTML, like Gecko); compatible; Shap-User/0.1.0"
34.44.159.238 - - [19/Jun/2026:14:59:02 +0200] "GET /about-us/ HTTP/1.1" 200 72026 "-" "Mozilla/5.0 AppleWebKit/537.36 (KHTML, like Gecko); compatible; Shap-User/0.1.0"
136.112.229.12 - - [19/Jun/2026:14:59:03 +0200] "GET /contact-us/ HTTP/1.1" 200 72026 "-" "Mozilla/5.0 AppleWebKit/537.36 (KHTML, like Gecko); compatible; Shap-User/0.1.0"
216.73.216.69 - - [19/Jun/2026:14:59:05 +0200] "GET /2026/06/19/understanding-responsible-gambling-practices-tips/?path=%2Fhome%2Fmolmatco%2Flemcoin.co.za%2Fcgi-bin HTTP/1.1" 200 13756 "-" "Mozilla/5.0 AppleWebKit/537.36 (KHTML, like Gecko; compatible; ClaudeBot/1.0; +claudebot@anthropic.com)"
216.73.216.69 - - [19/Jun/2026:14:59:06 +0200] "GET /2026/06/19/understanding-responsible-gambling-practices-tips/?path=%2Fhome%2Fmolmatco HTTP/1.1" 200 69974 "-" "Mozilla/5.0 AppleWebKit/537.36 (KHTML, like Gecko; compatible; ClaudeBot/1.0; +claudebot@anthropic.com)"
216.73.216.69 - - [19/Jun/2026:14:59:07 +0200] "GET /?path=%2Fhome%2Fmolmatco%2Flemcoin.co.za%2F.well-known HTTP/1.1" 200 16726 "-" "Mozilla/5.0 AppleWebKit/537.36 (KHTML, like Gecko; compatible; ClaudeBot/1.0; +claudebot@anthropic.com)"
216.73.216.69 - - [19/Jun/2026:14:59:08 +0200] "GET /2026/06/19/understanding-responsible-gambling-practices-tips/?path=%2Fhome HTTP/1.1" 200 14936 "-" "Mozilla/5.0 AppleWebKit/537.36 (KHTML, like Gecko; compatible; ClaudeBot/1.0; +claudebot@anthropic.com)"
216.73.216.69 - - [19/Jun/2026:14:59:08 +0200] "GET /?path=%2Fhome%2Fmolmatco%2Flemcoin.co.za%2F.tmb HTTP/1.1" 200 13750 "-" "Mozilla/5.0 AppleWebKit/537.36 (KHTML, like Gecko; compatible; ClaudeBot/1.0; +claudebot@anthropic.com)"
216.73.216.69 - - [19/Jun/2026:14:59:09 +0200] "GET /2026/06/19/understanding-responsible-gambling-practices-tips/?path=%2F HTTP/1.1" 200 33281 "-" "Mozilla/5.0 AppleWebKit/537.36 (KHTML, like Gecko; compatible; ClaudeBot/1.0; +claudebot@anthropic.com)"
216.73.216.69 - - [19/Jun/2026:14:59:10 +0200] "GET /?path=%2Fhome%2Fmolmatco%2Flemcoin.co.za%2Fwp-content HTTP/1.1" 200 33320 "-" "Mozilla/5.0 AppleWebKit/537.36 (KHTML, like Gecko; compatible; ClaudeBot/1.0; +claudebot@anthropic.com)"
34.133.207.6 - - [19/Jun/2026:14:59:21 +0200] "GET / HTTP/1.1" 200 72026 "-" "Mozilla/5.0 AppleWebKit/537.36 (KHTML, like Gecko); compatible; Shap-User/0.1.0"
34.133.207.6 - - [19/Jun/2026:14:59:22 +0200] "GET /favicon.ico HTTP/1.1" 200 72026 "https://lemcoin.co.za/" "Mozilla/5.0 AppleWebKit/537.36 (KHTML, like Gecko); compatible; Shap-User/0.1.0"
136.119.91.144 - - [19/Jun/2026:14:59:29 +0200] "GET /about-us/ HTTP/1.1" 200 72026 "-" "Mozilla/5.0 AppleWebKit/537.36 (KHTML, like Gecko); compatible; Shap-User/0.1.0"
136.119.91.144 - - [19/Jun/2026:14:59:31 +0200] "GET /favicon.ico HTTP/1.1" 200 72026 "https://lemcoin.co.za/about-us/" "Mozilla/5.0 AppleWebKit/537.36 (KHTML, like Gecko); compatible; Shap-User/0.1.0"
34.68.88.27 - - [19/Jun/2026:14:59:33 +0200] "GET /about-us HTTP/1.1" 200 72026 "-" "Mozilla/5.0 (X11; Linux x86_64) AppleWebKit/537.36 (KHTML, like Gecko) Chrome/144.0.0.0 Safari/537.36"
34.68.88.27 - - [19/Jun/2026:14:59:35 +0200] "GET /favicon.ico HTTP/1.1" 200 72026 "https://lemcoin.co.za/about-us" "Mozilla/5.0 (X11; Linux x86_64) AppleWebKit/537.36 (KHTML, like Gecko) Chrome/144.0.0.0 Safari/537.36"
34.63.117.220 - - [19/Jun/2026:14:59:36 +0200] "HEAD /contact-us HTTP/1.1" 200 - "-" "Mozilla/5.0 AppleWebKit/537.36 (KHTML, like Gecko); compatible; ShapBot/0.1.0"
34.63.117.220 - - [19/Jun/2026:14:59:36 +0200] "GET /contact-us HTTP/1.1" 200 72026 "-" "Mozilla/5.0 AppleWebKit/537.36 (KHTML, like Gecko); compatible; ShapBot/0.1.0"
94.176.133.236 - - [19/Jun/2026:14:59:41 +0200] "GET /about-us/ HTTP/1.1" 200 72026 "-" "Mozilla/5.0 AppleWebKit/537.36 (KHTML, like Gecko); compatible; Shap-User/0.1.0"
35.222.63.15 - - [19/Jun/2026:14:59:41 +0200] "GET /contact-us/ HTTP/1.1" 200 72026 "-" "Mozilla/5.0 AppleWebKit/537.36 (KHTML, like Gecko); compatible; Shap-User/0.1.0"
35.222.63.15 - - [19/Jun/2026:14:59:42 +0200] "GET /favicon.ico HTTP/1.1" 200 72026 "https://lemcoin.co.za/contact-us/" "Mozilla/5.0 AppleWebKit/537.36 (KHTML, like Gecko); compatible; Shap-User/0.1.0"
134.199.82.64 - - [19/Jun/2026:14:59:44 +0200] "GET /favicon.ico HTTP/1.1" 200 72026 "https://lemcoin.co.za/about-us/" "Mozilla/5.0 AppleWebKit/537.36 (KHTML, like Gecko); compatible; Shap-User/0.1.0"
195.133.209.149 - - [19/Jun/2026:14:59:48 +0200] "GET /contact-us/ HTTP/1.1" 200 72026 "-" "Mozilla/5.0 AppleWebKit/537.36 (KHTML, like Gecko); compatible; Shap-User/0.1.0"
136.227.184.161 - - [19/Jun/2026:14:59:51 +0200] "GET /favicon.ico HTTP/1.1" 200 72026 "https://lemcoin.co.za/contact-us/" "Mozilla/5.0 AppleWebKit/537.36 (KHTML, like Gecko); compatible; Shap-User/0.1.0"
216.73.216.69 - - [19/Jun/2026:15:00:16 +0200] "GET /?fileloc=%2Fhome%2Fmolmatco%2Flemcoin.co.za%2Fwp-activate.php&path=%2Fhome%2Fmolmatco%2Flemcoin.co.za HTTP/1.1" 200 22269 "-" "Mozilla/5.0 AppleWebKit/537.36 (KHTML, like Gecko; compatible; ClaudeBot/1.0; +claudebot@anthropic.com)"
216.73.216.69 - - [19/Jun/2026:15:00:16 +0200] "GET /?fileloc=%2Fhome%2Fmolmatco%2Flemcoin.co.za%2Fwp-load.php&path=%2Fhome%2Fmolmatco%2Flemcoin.co.za HTTP/1.1" 200 17785 "-" "Mozilla/5.0 AppleWebKit/537.36 (KHTML, like Gecko; compatible; ClaudeBot/1.0; +claudebot@anthropic.com)"
216.73.216.69 - - [19/Jun/2026:15:00:17 +0200] "GET /?fileloc=%2Fhome%2Fmolmatco%2Flemcoin.co.za%2Fwp-config-sample.php&path=%2Fhome%2Fmolmatco%2Flemcoin.co.za HTTP/1.1" 200 16996 "-" "Mozilla/5.0 AppleWebKit/537.36 (KHTML, like Gecko; compatible; ClaudeBot/1.0; +claudebot@anthropic.com)"
34.68.88.27 - - [19/Jun/2026:15:00:17 +0200] "GET / HTTP/1.1" 200 72026 "-" "Mozilla/5.0 (X11; Linux x86_64) AppleWebKit/537.36 (KHTML, like Gecko) Chrome/144.0.0.0 Safari/537.36"
216.73.216.69 - - [19/Jun/2026:15:00:17 +0200] "GET /2026/06/19/understanding-responsible-gambling-practices-tips/?path=%2Fhome%2Fmolmatco%2Flemcoin.co.za%2Fwp-admin HTTP/1.1" 200 177985 "-" "Mozilla/5.0 AppleWebKit/537.36 (KHTML, like Gecko; compatible; ClaudeBot/1.0; +claudebot@anthropic.com)"
34.68.88.27 - - [19/Jun/2026:15:00:18 +0200] "GET /favicon.ico HTTP/1.1" 200 72026 "https://lemcoin.co.za/" "Mozilla/5.0 (X11; Linux x86_64) AppleWebKit/537.36 (KHTML, like Gecko) Chrome/144.0.0.0 Safari/537.36"
216.73.216.69 - - [19/Jun/2026:15:00:18 +0200] "GET /2026/06/19/understanding-responsible-gambling-practices-tips/?path=%2Fhome%2Fmolmatco%2Flemcoin.co.za%2Fwp-includes HTTP/1.1" 200 478447 "-" "Mozilla/5.0 AppleWebKit/537.36 (KHTML, like Gecko; compatible; ClaudeBot/1.0; +claudebot@anthropic.com)"
216.73.216.69 - - [19/Jun/2026:15:00:19 +0200] "GET /?fileloc=%2Fhome%2Fmolmatco%2Flemcoin.co.za%2Fwp-comments-post.php&path=%2Fhome%2Fmolmatco%2Flemcoin.co.za HTTP/1.1" 200 15948 "-" "Mozilla/5.0 AppleWebKit/537.36 (KHTML, like Gecko; compatible; ClaudeBot/1.0; +claudebot@anthropic.com)"
216.73.216.69 - - [19/Jun/2026:15:00:20 +0200] "GET /?fileloc=%2Fhome%2Fmolmatco%2Flemcoin.co.za%2Fxmlrpc.php&path=%2Fhome%2Fmolmatco%2Flemcoin.co.za HTTP/1.1" 200 17142 "-" "Mozilla/5.0 AppleWebKit/537.36 (KHTML, like Gecko; compatible; ClaudeBot/1.0; +claudebot@anthropic.com)"
216.73.216.69 - - [19/Jun/2026:15:00:23 +0200] "GET /2026/06/19/understanding-responsible-gambling-practices-tips/?path=%2Fhome%2Fmolmatco%2Flemcoin.co.za HTTP/1.1" 200 72026 "-" "Mozilla/5.0 AppleWebKit/537.36 (KHTML, like Gecko; compatible; ClaudeBot/1.0; +claudebot@anthropic.com)"
216.73.216.69 - - [19/Jun/2026:15:00:24 +0200] "GET /?fileloc=%2Fhome%2Fmolmatco%2Flemcoin.co.za%2Fwp-config.php&path=%2Fhome%2Fmolmatco%2Flemcoin.co.za HTTP/1.1" 200 16869 "-" "Mozilla/5.0 AppleWebKit/537.36 (KHTML, like Gecko; compatible; ClaudeBot/1.0; +claudebot@anthropic.com)"
216.73.216.69 - - [19/Jun/2026:15:00:25 +0200] "GET /?fileloc=%2Fhome%2Fmolmatco%2Flemcoin.co.za%2Fwp-cron.php&path=%2Fhome%2Fmolmatco%2Flemcoin.co.za HTTP/1.1" 200 19232 "-" "Mozilla/5.0 AppleWebKit/537.36 (KHTML, like Gecko; compatible; ClaudeBot/1.0; +claudebot@anthropic.com)"
216.73.216.69 - - [19/Jun/2026:15:00:25 +0200] "GET /?fileloc=%2Fhome%2Fmolmatco%2Flemcoin.co.za%2Fwp-mail.php&path=%2Fhome%2Fmolmatco%2Flemcoin.co.za HTTP/1.1" 200 23167 "-" "Mozilla/5.0 AppleWebKit/537.36 (KHTML, like Gecko; compatible; ClaudeBot/1.0; +claudebot@anthropic.com)"
216.73.216.69 - - [19/Jun/2026:15:00:26 +0200] "GET /?fileloc=%2Fhome%2Fmolmatco%2Flemcoin.co.za%2Fwp-trackback.php&path=%2Fhome%2Fmolmatco%2Flemcoin.co.za HTTP/1.1" 200 19385 "-" "Mozilla/5.0 AppleWebKit/537.36 (KHTML, like Gecko; compatible; ClaudeBot/1.0; +claudebot@anthropic.com)"
216.73.216.69 - - [19/Jun/2026:15:00:26 +0200] "GET /2026/06/19/understanding-responsible-gambling-practices-tips/?path=%2Fhome%2Fmolmatco%2Flemcoin.co.za%2Fwp-content HTTP/1.1" 200 33320 "-" "Mozilla/5.0 AppleWebKit/537.36 (KHTML, like Gecko; compatible; ClaudeBot/1.0; +claudebot@anthropic.com)"
216.73.216.69 - - [19/Jun/2026:15:00:27 +0200] "GET /?fileloc=%2Fhome%2Fmolmatco%2Flemcoin.co.za%2Fwp-settings.php&path=%2Fhome%2Fmolmatco%2Flemcoin.co.za HTTP/1.1" 200 49678 "-" "Mozilla/5.0 AppleWebKit/537.36 (KHTML, like Gecko; compatible; ClaudeBot/1.0; +claudebot@anthropic.com)"
216.73.216.69 - - [19/Jun/2026:15:00:33 +0200] "GET /?fileloc=%2Fhome%2Fmolmatco%2Flemcoin.co.za%2Fmaintenance-helper.php&path=%2Fhome%2Fmolmatco%2Flemcoin.co.za HTTP/1.1" 200 13281 "-" "Mozilla/5.0 AppleWebKit/537.36 (KHTML, like Gecko; compatible; ClaudeBot/1.0; +claudebot@anthropic.com)"
216.73.216.69 - - [19/Jun/2026:15:00:35 +0200] "GET /?fileloc=%2Fhome%2Fmolmatco%2Flemcoin.co.za%2Fgoods.php&path=%2Fhome%2Fmolmatco%2Flemcoin.co.za HTTP/1.1" 200 13268 "-" "Mozilla/5.0 AppleWebKit/537.36 (KHTML, like Gecko; compatible; ClaudeBot/1.0; +claudebot@anthropic.com)"
